ctors of 7149.
3, 2383
What are the prime factors of 7831?
41, 191
List the prime factors of 55278.
2, 3, 37, 83
What are the prime factors of 10888?
2, 1361
List the prime factors of 162888.
2, 3, 11, 617
List the prime factors of 20869.
41, 509
List the prime factors of 5210.
2, 5, 521
List the prime factors of 2741.
2741
List the prime factors of 1048.
2, 131
What are the prime factors of 54553?
17, 3209
List the prime factors of 38240.
2, 5, 239
List the prime factors of 69594.
2, 3, 7, 1657
List the prime factors of 3026.
2, 17, 89
What are the prime factors of 690?
2, 3, 5, 23
List the prime factors of 9771.
3, 3257
What are the prime factors of 489?
3, 163
What are the prime factors of 1979?
1979
What are the prime factors of 7948?
2, 1987
What are the prime factors of 846?
2, 3, 47
What are the prime factors of 36403?
59, 617
List the prime factors of 1245.
3, 5, 83
List the prime factors of 1248.
2, 3, 13
List the prime factors of 1621.
1621
List the prime factors of 1321.
1321
What are the prime factors of 19671?
3, 79, 83
List the prime factors of 483.
3, 7, 23
List the prime factors of 5348.
2, 7, 191
List the prime factors of 2895.
3, 5, 193
List the prime factors of 16743.
3, 5581
List the prime factors of 27166.
2, 17, 47
List the prime factors of 693.
3, 7, 11
What are the prime factors of 1090?
2, 5, 109
List the prime factors of 259.
7, 37
List the prime factors of 39200.
2, 5, 7
List the prime factors of 1908.
2, 3, 53
List the prime factors of 30858.
2, 3, 37, 139
List the prime factors of 53352.
2, 3, 13, 19
List the prime factors of 833.
7, 17
List the prime factors of 933.
3, 311
List the prime factors of 1319.
1319
What are the prime factors of 81?
3
What are the prime factors of 841?
29
What are the prime factors of 108414?
2, 3, 19, 317
What are the prime factors of 2573?
31, 83
List the prime factors of 2482.
2, 17, 73
What are the prime factors of 4274?
2, 2137
List the prime factors of 16462.
2, 8231
What are the prime factors of 1172?
2, 293
List the prime factors of 81375.
3, 5, 7, 31
List the prime factors of 5308.
2, 1327
List the prime factors of 6226.
2, 11, 283
What are the prime factors of 9715?
5, 29, 67
List the prime factors of 775.
5, 31
List the prime factors of 21345.
3, 5, 1423
List the prime factors of 19352.
2, 41, 59
List the prime factors of 8988.
2, 3, 7, 107
List the prime factors of 5025.
3, 5, 67
What are the prime factors of 1380?
2, 3, 5, 23
List the prime factors of 24028.
2, 6007
What are the prime factors of 6357?
3, 13, 163
List the prime factors of 14253.
3, 4751
What are the prime factors of 146859?
3, 48953
List the prime factors of 1462.
2, 17, 43
What are the prime factors of 616?
2, 7, 11
List the prime factors of 40226.
2, 20113
List the prime factors of 484.
2, 11
What are the prime factors of 6505?
5, 1301
List the prime factors of 13182.
2, 3, 13
List the prime factors of 11234.
2, 41, 137
What are the prime factors of 13520?
2, 5, 13
List the prime factors of 8211.
3, 7, 17, 23
What are the prime factors of 763?
7, 109
What are the prime factors of 230?
2, 5, 23
What are the prime factors of 6?
2, 3
What are the prime factors of 709?
709
What are the prime factors of 5287?
17, 311
List the prime factors of 3889.
3889
List the prime factors of 4403.
7, 17, 37
What are the prime factors of 6967?
6967
What are the prime factors of 104527?
104527
List the prime factors of 32338.
2, 19, 23, 37
What are the prime factors of 11739?
3, 7, 13, 43
What are the prime factors of 22920?
2, 3, 5, 191
What are the prime factors of 3455?
5, 691
List the prime factors of 28971.
3, 29, 37
List the prime factors of 5647.
5647
What are the prime factors of 7984?
2, 499
List the prime factors of 1645.
5, 7, 47
What are the prime factors of 1841?
7, 263
What are the prime factors of 11716?
2, 29, 101
What are the prime factors of 46161?
3, 23, 223
List the prime factors of 32452.
2, 7, 19, 61
List the prime factors of 33363.
3, 11, 337
What are the prime factors of 3232?
2, 101
What are the prime factors of 4663?
4663
What are the prime factors of 8727?
3, 2909
What are the prime factors of 1271?
31, 41
List the prime factors of 259.
7, 37
What are the prime factors of 148825?
5, 5953
List the prime factors of 6486.
2, 3, 23, 47
List the prime factors of 1477.
7, 211
List the prime factors of 16833.
3, 31, 181
List the prime factors of 1575.
3, 5, 7
List the prime factors of 74754.
2, 3, 4153
List the prime factors of 1326.
2, 3, 13, 17
What are the prime factors of 59056?
2, 3691
What are the prime factors of 37978?
2, 17, 1117
List the prime factors of 5803.
7, 829
List the prime factors of 2826.
2, 3, 157
List the prime factors of 682.
2, 11, 31
What are the prime factors of 984?
2, 3, 41
List the prime factors of 18922.
2, 9461
What are the prime factors of 127398?
2, 3, 17, 1249
What are the prime factors of 235?
5, 47
List the prime factors of 379.
379
List the prime factors of 2263.
31, 73
List the prime factors of 166.
2, 83
What are the prime factors of 1141?
7, 163
List the prime factors of 1090.
2, 5, 109
List the prime factors of 1301.
1301
List the prime factors of 19582.
2, 9791
What are the prime factors of 3543?
3, 1181
What are the prime factors of 7462?
2, 7, 13, 41
What are the prime factors of 6073?
6073
What are the prime factors of 23479?
53, 443
List the prime factors of 2840.
2, 5, 71
List the prime factors of 298.
2, 149
What are the prime factors of 2153?
2153
What are the prime factors of 1576?
2, 197
What are the prime factors of 61882?
2, 30941
What are the prime factors of 118156?
2, 109, 271
List the prime factors of 1963.
13, 151
What are the prime factors of 3560?
2, 5, 89
List the prime factors of 481.
13, 37
What are the prime factors of 2149?
7, 307
What are the prime factors of 11176?
2, 11, 127
What are the prime factors of 43152?
2, 3, 29, 31
What are the prime factors of 147?
3, 7
What are the prime factors of 48989?
48989
List the prime factors of 303.
3, 101
What are the prime factors of 18351?
3, 2039
What are the prime factors of 34926?
2, 3, 5821
List the prime factors of 1018.
2, 509
List the prime factors of 610.
2, 5, 61
What are the prime factors of 23662?
2, 11831
List the prime factors of 1296.
2, 3
What are the prime factors of 343?
7
List the prime factors of 19861.
19861
List the prime factors of 384.
2, 3
List the prime factors of 1260.
2, 3, 5, 7
What are the prime factors of 13239?
3, 1471
What are the prime factors of 4595?
5, 919
List the prime factors of 14418.
2, 3, 89
What are the prime factors of 7430?
2, 5, 743
List the prime factors of 14436.
2, 3, 401
List the prime factors of 6841.
6841
What are the prime factors of 31050?
2, 3, 5, 23
List the prime factors of 130658.
2, 11, 5939
What are the prime factors of 16508?
2, 4127
List the prime factors of 13450.
2, 5, 269
What are the prime factors of 5277?
3, 1759
List the prime factors of 2220.
2, 3, 5, 37
List the prime factors of 1613.
1613
List the prime factors of 2284.
2, 571
List the prime factors of 245.
5, 7
What are the prime factors of 93?
3, 31
List the prime factors of 9137.
9137
What are the prime factors of 5186?
2, 2593
List the prime factors of 3257.
3257
What are the prime factors of 97646?
2, 48823
List the prime factors of 26923.
13, 19, 109
What are the prime factors of 59327?
41, 1447
What are the prime factors of 1156?
2, 17
List the prime factors of 1351.
7, 193
What are the prime factors of 3485?
5, 17, 41
What are the prime factors of 947?
947
What are the prime factors of 2436?
2, 3, 7, 29
What are the prime factors of 8347?
17, 491
What are the prime factors of 922?
2, 461
List the prime factors of 24761.
11, 2251
What are the prime factors of 127296?
2, 3, 13, 17
List the prime factors of 136889.
136889
List the prime factors of 35314.
2, 17657
List the prime factors of 7645.
5, 11, 139
List the prime factors of 8150.
2, 5, 163
List the prime factors of 13092.
2, 3, 1091
What are the prime factors of 1804?
2, 11, 41
List the prime factors of 8135.
5, 1627
List the prime factors of 15234.
2, 3, 2539
What are the prime factors of 10327?
23, 449
What are the prime factors of 46980?
2, 3, 5, 29
What are the prime factors of 1146?
2, 3, 191
List the prime fa